224
Suppose -2*x = 3*x + 5*g - 175, -25 = -x - 3*g. Suppose -7*q - q - x = 0. Let l be (0 + -4 + q)*-1. Calculate the greatest common factor of 45 and l.
9
Suppose 5*n - 6014 = -x - 686, -x = 2*n - 2133. Calculate the greatest common factor of 30 and n.
15
Suppose 15*k + 126 = 18*k. Let l be 7 - ((-325)/2 - 0 - (-138)/92). Calculate the greatest common factor of l and k.
42
Let k(t) = -t**3 + 10*t**2 + 3*t + 6. Let u be k(11). Let l = 38 - u. Suppose -l + 36 = -7*d. What is the highest common divisor of d and 108?
12
Let p(k) = 3*k**2 - 15*k - 5279. Let r be p(64). What is the highest common factor of r and 46?
23
Let q be (1/4)/((117/4004)/9). What is the greatest common factor of 33 and q?
11
Suppose -6*h + 50 = -4. Let k(l) = 4*l**2 - 7*l - 17. Let g be k(h). Calculate the highest common factor of 4 and g.
4
Suppose 2*y - 25*r = -27*r + 392, 0 = 4*y + r - 772. Let f = -4 + 1. Let h = f - -27. Calculate the highest common divisor of h and y.
24
Let r = -135 + 220. Suppose -197 + 95 = -6*a. What is the greatest common factor of a and r?
17
Let y be -2034*(-84 + 85)/(-1 - 0). Calculate the highest common divisor of y and 9.
9
Suppose 0 = i + 12*i + 13. Let m(p) = -p**3 - 2*p**2 - 3*p - 2. Let w be m(i). Suppose -12*n + 960 = -w*n. What is the highest common factor of n and 10?
10
Let r = -215 + 216. Suppose -2*w + 5*x + 27 = 0, 0 = -3*w + 2*w + 3*x + 16. Let a be (-32 - w)*(-2 + r). Calculate the greatest common divisor of a and 363.
33
Let l be (90/300*4)/(2/1995). Calculate the greatest common divisor of l and 2128.
133
Suppose 2*h + 167 = -3*f, 5*h = 2*f + 177 - 585. Let v = h - -100. What is the greatest common divisor of 54 and v?
18
Suppose -7*u + 20886 + 5546 = 21*u. Calculate the greatest common divisor of u and 144.
16
Let t = -102 + 232. Let i = t - 120. What is the greatest common factor of i and 170?
10
Suppose 14872 + 3489 = 61*o. Calculate the greatest common factor of 231 and o.
7
Suppose -2*q - 81 = 7*q. Let m be 6/9*(3 - q). What is the greatest common divisor of 200 and m?
8
Let w = -13604 + 13758. What is the highest common factor of 10318 and w?
154
Let q be 1/1 - ((-2524)/(-18) - (-2)/(-9)). Let n(f) = 21*f**3 + 3*f**2 + 2*f + 1. Let t be n(-2). Let b = q - t. What is the highest common factor of b and 40?
20
Let s(i) = 51*i**2 + 7*i + 9. Let l be s(9). Let g be l - (-5 - 3/(-3)). Let d be g/35 + (-4)/20. What is the highest common divisor of d and 48?
24
Let y be (30/(-36))/(2/(-12)) - -1832. Suppose -13*v = -1205 - y. Calculate the highest common divisor of v and 9.
9
Suppose 2*a = -0*t - t - 5, -5*a = -4*t + 32. Let i be 40/a*(0/1 - 2). What is the greatest common factor of 340 and i?
20
Let z = 8430 - 7142. What is the greatest common divisor of z and 1840?
184
Suppose 54*u = 9*u - 3330. Suppose -316 - 76 = -4*y. Let p = y + u. What is the highest common factor of p and 6?
6
Suppose 3*h + 295 + 193 = -n, 0 = -h - 3*n - 160. Let c = -6057 + 6064. Let v be (-2 - h/c) + (-14)/49. What is the greatest common divisor of 3 and v?
3
Let v(y) = y**3 + 12*y**2 - 6*y - 1. Let z be v(-13). Let x = -54 - z. Let d = -28 + x. What is the highest common factor of d and 50?
10
Let v(y) = 300*y - 217. Let q be v(1). What is the greatest common factor of 3071 and q?
83
Let n = -23 + 33. Let w be -2*3/(-10)*n. Let o = -590 - -638. What is the highest common factor of w and o?
6
Let i be 164496/690*(11 + 2/(-2)). What is the highest common factor of i and 48?
16
Let o = 1 + 8. Suppose o*b = -107 + 26. Let s be 2/b - (-6 + 112/(-18)). Calculate the highest common divisor of 6 and s.
6
Suppose 0 = 26*d - 2*d + 89*d - 6328. Suppose -16 - 16 = -4*j. Calculate the highest common divisor of d and j.
8
Let t(x) = x**3 + 28*x**2 + 61*x + 1249. Let m be t(-22). What is the highest common divisor of 3 and m?
3
Let b(l) = 820*l + 8312. Let w be b(-10). Calculate the greatest common divisor of 24696 and w.
56
Suppose 94*k = 89*k - 485. Let b be (1 - 30/20) + k/(-2). Calculate the highest common factor of b and 912.
48
Let m = 530 + -527. Suppose 0 = -h - 2*o + 580, 2*h + 8*o - 1165 = m*o. Calculate the highest common factor of h and 60.
30
Let o be -20 - -27 - -7 - 4/1. Let k(a) = 62*a**2 + a + 2. Let l be k(-4). What is the greatest common divisor of o and l?
10
Let a = -85 - -109. Let o(w) be the second derivative of w**5/4 + w**4/4 - w**3/3 + 7*w. Let d be o(2). What is the greatest common divisor of a and d?
24
Suppose -3*z = -14628 - 5436. What is the greatest common factor of z and 16?
16
Suppose -10*d + 14676 = 12*d - 183126. Calculate the greatest common divisor of 444 and d.
111
Let d = -1761 - -2528. Calculate the greatest common divisor of d and 13.
13
Let l = -28 - -128. Let m(r) = 319*r + 21. Let x be m(-2). Let f = -567 - x. What is the greatest common factor of l and f?
50
Let o be (-64 - -59)*6/(-10). Suppose 2*l = o*r + 22, -3*r + 2 + 0 = l. What is the greatest common divisor of l and 104?
8
Let o be 100 + -19 + (3 - -4). What is the highest common divisor of 33 and o?
11
Let a(g) be the third derivative of 431*g**5/60 + 5*g**4/12 - 3*g**3/2 + 21*g**2. Let t be a(1). What is the greatest common factor of 48 and t?
48
Let q be (-1 + -19)*(-4242)/202. What is the highest common factor of 525 and q?
105
Let g be (-162 - 8)*(-3 - -58)*(-4)/50. Calculate the highest common factor of 816 and g.
68
Suppose 3*b + 6*b + 288 = 0. Let y = -28 - b. Let j be (-24)/(-4)*(3 - 10/y). Calculate the greatest common divisor of 1 and j.
1
Let k(q) = 129*q + 4192. Let b be k(-30). Calculate the highest common factor of 391 and b.
23
Let l = 272 + -262. Suppose -l*p + 24 = -9*p. Let f = -12 - -24. What is the highest common divisor of p and f?
12
Suppose 0*s + 110 = s. Let g be (4/10)/(82*47/192700). Calculate the highest common divisor of g and s.
10
Let u = 1453 + -1399. What is the highest common divisor of u and 5256?
18
Let w(x) = -26*x**3 + x**2 + x + 1. Let a be w(-1). Let n = 1116 - 622. Let j = n + -197. What is the greatest common divisor of j and a?
27
Let s = 44 - 27. Suppose a - s = -0*m + 3*m, 0 = -4*a - 3*m + 8. Suppose 74 = 2*k + a*t, 52 = k + t - 6*t. What is the highest common divisor of 63 and k?
21
Let v(h) = -4*h**3 + 548*h**2 - 542*h - 120. Let a be v(136). Let x be (-1 - -16)*114/15. What is the greatest common factor of x and a?
38
Suppose 3*u - 228 = -4*t, -3*u - u + 44 = t. Let q = t - 54. Suppose 0 = -y + f + 68, q*y + 2*f - 194 = 3*y. What is the highest common factor of y and 165?
33
Let z be (-36238)/(-3) + (16/24)/(-2) + 0. Calculate the greatest common factor of 47 and z.
47
Let h(y) = 88*y - 20. Let i be h(-5). Let v = i - -692. Calculate the highest common divisor of 24 and v.
8
Suppose 131 = 4*q + k, 2*q - 3*k + 6*k - 53 = 0. Suppose -5*o + 181 = 5*w - q, -2*w + 2*o = -90. Calculate the greatest common factor of w and 4.
4
Let q be -8 - ((-17665)/25 - (-3)/((-75)/(-40))). Calculate the highest common factor of q and 119.
17
Let r(p) = -14*p - 865. Let q be r(-62). Suppose 0 = k + 1, -5*d - 4*k - 61 = -2. Let v be (d/((-22)/156))/2. What is the greatest common factor of v and q?
3
Suppose -167*n = -189*n + 1496. What is the highest common divisor of n and 17?
17
Suppose 12240 = 412*x - 406*x. Let z = x - 465. Calculate the highest common divisor of z and 45.
45
Suppose 2*r + 408 = 5*r. Suppose 20664 - 20648 = 2*s. What is the highest common factor of r and s?
8
Suppose 5*r + 235014 = 31*r + 13*r. What is the greatest common divisor of r and 23?
23
Let v be -5 - -6 - (-1)/(7/798). Let n be ((-28)/6)/(2/(-39)). Suppose 4*f + w - v = 0, 3*f - 2*w - n = 2*w. What is the greatest common factor of f and 203?
29
Let s = -28584 + 29394. What is the highest common factor of 72 and s?
18
Suppose 5*x - 102 = 273. Let d = -203 - -259. Suppose -55*f + 51*f = -2*s - 62, 4*s = -4*f + d. Calculate the highest common factor of x and f.
15
Let r be -13 + (-6 - -79) + -9 + -3. Calculate the greatest common divisor of 664 and r.
8
Let y = 144 - 183. Let m be 52/y*3/(-2). Calculate the greatest common divisor of 29 and m.
1
Suppose 2*p - r - 44 = 4*p, -2*p - 32 = 4*r. Let k = p - -29. Let a(v) = -6*v - 17. Let x be a(-7). Calculate the highest common factor of k and x.
5
Suppose 0 = 26*h - 9735 - 10571. What is the highest common factor